ainder when g is divided by 10.
7
Suppose 3*t - 4*g = 80, 0 = -2*t + 2*g + 98 - 44. Calculate the remainder when 656 is divided by t.
12
Let d = 88 - 22. Suppose d = 12*v - 138. What is the remainder when 35 is divided by v?
1
Suppose -110 = -15*q - 35. Calculate the remainder when (q/(10/68))/1 - -3 is divided by 11.
4
Let z(j) = -30*j - 72. Let u be z(-6). Let f = u + -87. Let l = 69 + -30. What is the remainder when l is divided by f?
18
Suppose -264 + 696 = -8*n. Let s be n/24*(-24)/9*1. Let g(x) = x**3 - 7*x**2 + 9*x + 2. What is the remainder when 119 is divided by g(s)?
19
Let f(q) = -2*q**3 + 31*q**2 + 18*q + 76. Calculate the remainder when f(16) is divided by -1*(6/3 - 24).
20
Let d(v) = 3*v**2 + 25*v - 4. Let l be d(-11). Suppose 7*b - 10*b = l. Calculate the remainder when 115 is divided by 9/(-3)*-1 - (b + 1).
25
Let q = -2745 - -2881. Calculate the remainder when q is divided by 28.
24
Suppose -b - 2*b = -12. Let a = -872 - -876. Suppose 0*j + 2*j = 3*x - 11, x - 17 = a*j. Calculate the remainder when b is divided by x.
0
Suppose 4*c + 856 = 8*c. Let q = c + -167. Calculate the remainder when q is divided by 4.
3
Suppose 0 = -16*k + 2667 + 6693. What is the remainder when 69 is divided by 3/9 - (4 - k/27)?
15
Calculate the remainder when 5488 is divided by (-1)/(-4) - 4284/288*-2.
28
Let m = 74 + -49. Suppose -u + 2*p = u - 14, -5*u + m = 5*p. Suppose -d - 27 = -33. What is the remainder when d is divided by u?
0
Let b = -9366 - -9394. What is the remainder when 12346 is divided by b?
26
What is the remainder when 680 is divided by -3 + 9 + 74 - 4?
72
Suppose 0 = -5*i + 25, i = -0*t - 3*t + 527. Let y = -145 + t. Let d(b) = -b**3 - 9*b**2 - 11*b - 8. Calculate the remainder when y is divided by d(-8).
13
Suppose -4*t + 20 - 4 = 2*f, t - 2*f + 6 = 0. Suppose 0 = -2*r + 4*u + 42, -t*u = r - 0*r - 9. Calculate the remainder when 147 is divided by r.
12
Let c(l) = 3*l**3 + 269*l**2 + 182*l + 474. Calculate the remainder when 1516 is divided by c(-89).
100
Suppose -2*q = -t - 17, -2*q - 2*t + 8 = -12. Suppose 0*s - 234 = -q*s. Calculate the remainder when 233 is divided by s.
25
Let c = -83 + 86. Calculate the remainder when 96 is divided by (-5)/15*c*-3 + 8.
8
Let d be (-4)/12 + 3 + 242/(-3). What is the remainder when 70 is divided by ((-3)/(-30) - d/20)/1?
2
Suppose 5*t + 0 = -d + 7, 2*t - 28 = -4*d. Suppose -19 - 33 = -i. Calculate the remainder when i is divided by d.
3
Let c be (-1*1)/(45/(-3285)). Let j(z) = 10*z + 1. Let v be j(5). Let i = c - v. Calculate the remainder when 87 is divided by i.
21
Let q = 5617 + -5611. What is the remainder when 130 is divided by q?
4
Let x = -684 + 576. Let b be (1 + 1)*374/(-4). Let w = x - b. Calculate the remainder when w is divided by 20.
19
Let j = 6718 - 6668. Calculate the remainder when j is divided by 18.
14
Let s(a) = -4*a**3 + 4*a**2 + 2*a + 6. Let n(z) = 12*z - 201. Calculate the remainder when n(25) is divided by s(-2).
49
Suppose 0 = -8*u - 4505 + 11302 + 10747. Calculate the remainder when u is divided by 54.
33
Let x(m) = -m**3 - 10*m**2 - 43*m - 72. What is the remainder when 1636 is divided by x(-9)?
232
Let m = 6242 + -6151. What is the remainder when 173 is divided by m?
82
Suppose k - 76 = 74. Let z = 268 - k. Calculate the remainder when z is divided by 30.
28
Let p(d) = 11*d**2 + 33*d + 600. Calculate the remainder when p(-24) is divided by 50.
44
Suppose -57482 - 92962 = 21*k. What is the remainder when k/(-44) - (2 + (-96)/44) is divided by 42?
37
Suppose -19*s + 1836 = -2*s. Suppose 17*x = -19*x + s. What is the remainder when 15 is divided by x?
0
Let d = -3638 - -3737. What is the remainder when d is divided by 27?
18
Let o(c) = -4*c**2 + 50*c + 57. What is the remainder when 321 is divided by o(13)?
11
Suppose 115 = -0*p + 5*p. Let y = -5 - -8. Suppose -y*b - l = -3*l - 133, -184 = -4*b - 4*l. Calculate the remainder when b is divided by p.
22
Let n be ((-3)/9)/(6/1926). Let w be 0 + -1 - (n + -2). Suppose -4*c - w = -5*f, -3*f + c + 92 = 23. Calculate the remainder when 140 is divided by f.
20
Suppose -39 = -3*p + 47 + 46. Calculate the remainder when 6862 is divided by p.
42
Let p(o) = -o**2 - 5*o + 16. Let d be p(-7). Suppose -18 = -0*j - d*j - 2*q, q = -2*j + 23. What is the remainder when j is divided by 3?
2
Let y(u) be the first derivative of 2*u**5/15 + 31*u**2/2 - 16. Let c(l) be the second derivative of y(l). What is the remainder when 19 is divided by c(1)?
3
Suppose 13*y - 374 = 16. Suppose -174 = -4*m - c + 148, 5*m - 398 = c. What is the remainder when m is divided by y?
20
Let b(f) = 3*f**3 - 5*f**2 - 9*f - 1. Let t be b(5). Suppose -5*m + t = -161. Calculate the remainder when m is divided by 39.
34
Let t = -63 - -67. Suppose r = u - 39, 4*r + 192 = -r + t*u. Calculate the remainder when (24/(-32) + (-1)/2)*r is divided by 23.
22
Suppose 5*k - 138 = -8. Let v(z) = 7*z - 18. Let y be (-1)/(-3) + (-76)/(-6). What is the remainder when v(y) is divided by k?
21
Suppose -3*w - k + 23 = -w, -w + 1 = 4*k. What is the remainder when (-1324)/(-8) + (-14)/28 is divided by w?
9
What is the remainder when (-15)/((-225)/890)*3 + -5 is divided by 18?
11
Suppose 225 = 5*l - 5*v, 2*l + 78 = 4*l + v. Let f(c) = -947*c - 7414. Calculate the remainder when f(-8) is divided by l.
39
Suppose 26674 + 2054 = 1064*z. Let s = 1025 - 729. What is the remainder when s is divided by z?
26
Let q(u) = -u**2 - 20*u - 41. What is the remainder when 614 is divided by q(-7)?
14
Let d(m) be the first derivative of 199*m**2 + 8*m + 167. What is the remainder when d(1) is divided by 10?
6
Let t = 27 + -3. Suppose f = -4*f + 4*d + 24, -2*f - 3*d = -5. Suppose -g + 100 = -f*c, 0*g + g + 3*c - 86 = 0. What is the remainder when g is divided by t?
20
Let i be (-36 - 1)/((-2)/(-2)). Let a = i - -35. What is the remainder when 39 is divided by a - (1 - 0)*-10?
7
Suppose 5*d = 317 + 788. Suppose 10*a - d = -3*a. What is the remainder when 98 is divided by a?
13
Suppose -4*x + 46 = 2*t, 88*x = 91*x - 4*t - 62. What is the remainder when 4910 is divided by x?
10
Suppose -579 = 49*o - 824. What is the remainder when 1263 is divided by o?
3
Let m = -19914 - -25339. Calculate the remainder when m is divided by 92.
89
Let x be (2/4)/(3/6). Suppose -5*f + 4*c + 43 = 0, 5*f - 3*c - x = 45. Suppose -5*h + 64 = -f. Calculate the remainder when 72 is divided by h.
12
Suppose -5*f = -4*t + 1325, 4*f - 629 = -3*t + 357. Calculate the remainder when t is divided by 53.
12
What is the remainder when 776 - -1*(-4 - -3) - (73 - 67) is divided by 152?
9
Let t = 58 + -52. Let i be (6 - -5)/(2/t). Suppose 0 = -q + i - 7. What is the remainder when q is divided by 7?
5
Suppose -5*h = -2422 - 341 + 353. Calculate the remainder when h is divided by 35.
27
Let d = 114765 + -114726. Suppose 0 = 4*u + j + 4*j - 62, 0 = -2*u + 4*j + 18. Calculate the remainder when d is divided by u.
0
Let r(k) = -4*k**3 - 211*k**2 + 43*k - 478. What is the remainder when 563 is divided by r(-53)?
43
Let j = 6474 + -6383. Calculate the remainder when 5271 is divided by j.
84
Let w(f) = -f**3 + 71*f**2 + 222*f + 125. Calculate the remainder when 553 is divided by w(74).
53
Let d(v) = 6*v - 28. Suppose 314 = -14*u + 468. Calculate the remainder when d(19) is divided by u.
9
Suppose -3*s + 2*k + 61 = -228, -4*k = -3*s + 293. Let d(m) = 38*m + 14. Calculate the remainder when s is divided by d(0).
11
Let y(a) = -50*a**3 - a**2 - a + 29. What is the remainder when y(-3) is divided by 454?
11
Let k(z) = z**2 + 7*z - 5. Suppose -10 = -5273*u + 5268*u. Suppose 15 = 5*w, 23 = 2*y - 2*w - 201. Calculate the remainder when y is divided by k(u).
11
Let f(v) = 2*v + 3. Let x be f(-3). Let c(m) = 17*m + 0 + 2 - 22*m + 2 - 38*m. What is the remainder when c(x) is divided by 45?
43
Let l(a) = 3*a**2 - 22*a + 14. Let f be l(7). Let h(m) = m**3 + 3*m**2 + 4*m + 1. What is the remainder when h(3) is divided by 124/f + 10/35?
13
Let r(d) = 17*d**2 + 4*d + 2. Suppose -8*v - 230 + 1425 - 275 = 0. Calculate the remainder when v is divided by r(-2).
53
Calculate the remainder when 193 is divided by 9/(135/2805) + 1.
5
Suppose -b - 3*f + 82 + 3 = 0, -3*b + 2*f = -244. Suppose -18*l + 163 = 3835. What is the remainder when b is divided by 17/(l/112)*3*-1?